on factor of 834740 and 31.
1
What is the highest common divisor of 96 and 239376?
48
Calculate the greatest common factor of 5373 and 5612463.
27
Calculate the greatest common factor of 25 and 6336605.
5
What is the greatest common factor of 2385 and 98161830?
2385
Calculate the highest common divisor of 684738544 and 336.
112
What is the greatest common divisor of 86123736 and 464?
232
What is the highest common factor of 304986 and 11671?
11
What is the highest common factor of 598862 and 34719?
163
What is the greatest common factor of 301 and 6565321?
7
Calculate the highest common divisor of 101340998 and 426.
142
What is the greatest common factor of 2988531 and 273?
273
Calculate the greatest common factor of 46398548 and 56.
28
Calculate the highest common divisor of 4602 and 575509246.
1534
Calculate the highest common factor of 184 and 2366056.
184
Calculate the greatest common factor of 137298 and 1520552.
934
Calculate the greatest common divisor of 12352644 and 1107.
369
What is the highest common factor of 2560 and 927264?
32
What is the greatest common divisor of 15403500 and 1304?
652
What is the highest common factor of 102832718 and 2188?
1094
Calculate the greatest common divisor of 14305707 and 2756.
689
Calculate the greatest common divisor of 32285 and 23.
1
What is the greatest common divisor of 118116 and 63036?
612
Calculate the greatest common factor of 15 and 61390.
5
Calculate the greatest common factor of 438528 and 32.
32
What is the greatest common factor of 15582 and 3735123?
147
What is the highest common factor of 117 and 3617616249?
117
What is the greatest common divisor of 575578841 and 253?
23
What is the highest common divisor of 1786589 and 1323?
49
Calculate the highest common factor of 506611 and 2454774.
1477
Calculate the highest common divisor of 36257280 and 24.
24
What is the highest common divisor of 72692880 and 600?
120
Calculate the greatest common divisor of 197564 and 2556.
4
What is the highest common factor of 15277215 and 120?
15
Calculate the highest common factor of 2573236 and 1337855.
5693
What is the greatest common divisor of 12 and 2250678?
6
What is the highest common factor of 13972 and 10636684?
1996
What is the highest common divisor of 670 and 304344485?
335
What is the greatest common divisor of 12223 and 46070?
17
What is the greatest common divisor of 454400 and 168704?
256
What is the highest common divisor of 16492 and 17586548?
868
Calculate the highest common divisor of 606793 and 286.
11
Calculate the highest common factor of 106142 and 3650.
146
Calculate the greatest common divisor of 33565 and 2408105.
245
Calculate the greatest common divisor of 88972 and 760148.
116
Calculate the greatest common divisor of 400 and 1054320.
80
What is the greatest common factor of 1377900 and 102?
6
What is the highest common factor of 1818279075 and 75?
75
What is the greatest common divisor of 76401538 and 19596?
3266
Calculate the greatest common divisor of 40300 and 18460.
260
Calculate the greatest common factor of 162176 and 244972.
28
What is the highest common factor of 230 and 68226740?
230
What is the greatest common divisor of 29184 and 851456?
512
What is the greatest common divisor of 197816086 and 26?
26
Calculate the greatest common divisor of 9 and 146449773.
9
Calculate the highest common factor of 15518016 and 72.
72
Calculate the greatest common divisor of 22661 and 936541.
31
Calculate the highest common divisor of 6035 and 595.
85
Calculate the highest common factor of 202216 and 2158688.
1288
What is the greatest common factor of 16669 and 804773?
79
Calculate the highest common divisor of 1062 and 8512638.
354
Calculate the greatest common factor of 1068 and 64948640.
356
Calculate the highest common factor of 140 and 19402516.
28
Calculate the highest common factor of 234 and 549990.
18
Calculate the highest common divisor of 32 and 29073136.
16
Calculate the greatest common factor of 17836935 and 930.
465
Calculate the highest common divisor of 1792 and 330400.
224
What is the greatest common divisor of 3002 and 1352954?
158
Calculate the greatest common divisor of 1334 and 12323898.
58
Calculate the highest common divisor of 367023 and 1406.
19
Calculate the greatest common divisor of 6541 and 175894.
31
What is the greatest common divisor of 16428 and 99641?
37
Calculate the greatest common factor of 1820 and 11275940.
260
Calculate the highest common divisor of 2286498 and 31806.
3534
What is the highest common factor of 62 and 15958862?
62
Calculate the highest common factor of 1120453 and 6936.
289
Calculate the highest common divisor of 130479 and 127673.
1403
Calculate the highest common factor of 4136305 and 34445.
415
Calculate the highest common divisor of 1290366 and 25004.
266
Calculate the highest common factor of 60 and 55311045.
15
Calculate the highest common factor of 1520 and 926240.
80
Calculate the highest common factor of 1896 and 444155064.
1896
Calculate the greatest common divisor of 3179960 and 398520.
1640
Calculate the highest common factor of 4380 and 31963926.
438
What is the greatest common factor of 26825 and 1385156?
29
What is the greatest common divisor of 957228 and 3228?
12
What is the greatest common divisor of 14 and 86891042?
14
What is the greatest common factor of 4794849 and 18504?
2313
Calculate the highest common factor of 3312 and 1335888.
144
What is the highest common factor of 557705 and 948884?
1571
Calculate the greatest common divisor of 3364865 and 64345.
3785
What is the highest common divisor of 22274 and 304621?
37
Calculate the highest common factor of 48175 and 365580805.
9635
Calculate the greatest common divisor of 567589 and 3355.
11
What is the highest common divisor of 902 and 19838752?
82
What is the greatest common factor of 11142572 and 53956?
1316
Calculate the greatest common divisor of 15023 and 669881.
181
Calculate the greatest common factor of 44563676 and 105164.
1724
What is the highest common factor of 1785020 and 14900?
2980
What is the greatest common divisor of 23722862 and 454?
454
What is the greatest common factor of 63742 and 22977892?
2198
Calculate the highest common factor of 354131 and 36731.
23
Calculate the highest common divisor of 499770 and 114145.
3085
Calculate the greatest common divisor of 18690457 and 3326.
1663
What is the greatest common factor of 281411 and 65?
13
What is the greatest common divisor of 10797 and 6156303?
183
What is the greatest common factor of 13248 and 1213344?
288
What is the highest common factor of 4956 and 74293744?
1652
Calculate the highest common divisor of 14893 and 109309.
281
Calculate the greatest common divisor of 1157870 and 357.
119
What is the greatest common factor of 182 and 189485374?
26
What is the highest common divisor of 21451 and 36157?
19
Calculate the greatest common factor of 36064864 and 58.
58
Calculate the highest common divisor of 29119626 and 36.
18
What is the greatest common divisor of 58602572 and 34524?
3836
What is the greatest common divisor of 2136 and 36267411?
267
What is the greatest common factor of 1141 and 89883905?
163
What is the highest common factor of 73 and 42850635?
73
What is the highest common divisor of 82826 and 626?
2
Calculate the highest common factor of 741938 and 1498.
214
Calculate the highest common divisor of 667980815 and 410.
205
What is the highest common factor of 75736731 and 28?
7
What is the greatest common factor of 6 and 164765572?
2
Calculate the greatest common divisor of 4277154 and 5866.
14
What is the highest common divisor of 72044 and 957488?
2324
What is the greatest common divisor of 1394752 and 222?
74
Calculate the highest common divisor of 11078037 and 21096.
2637
Calculate the highest common factor of 23 and 442941544.
23
Calculate the highest common divisor of 35072714 and 226.
226
Calculate the greatest common divisor of 395 and 4743239.
79
What is the highest common divisor of 4366 and 3186?
118
What is the highest common factor of 33221 and 23213?
139
Calculate the highest common divisor of 31267650 and 152725.
3725
What is the highest common divisor of 1237524 and 4496484?
4404
Calculate the greatest common divisor of 360 and 17060040.
360
Calcula